-15641
What is 8b6 (base 15) in base 8?
3663
What is -22000 (base 3) in base 16?
-d8
What is 2308 (base 9) in base 2?
11010101101
-26e (base 16) to base 13
-38b
-100 (base 9) to base 14
-5b
Convert -234 (base 15) to base 10.
-499
What is -1940 (base 15) in base 10?
-5460
Convert 11001111001101 (base 2) to base 5.
411021
22123 (base 4) to base 12
477
What is 102455 (base 7) in base 5?
1031404
-33416 (base 8) to base 5
-422334
-32b7 (base 13) to base 11
-5356
What is -13323 (base 4) in base 8?
-773
What is -177b (base 15) in base 3?
-20221122
What is 7111 (base 16) in base 15?
889a
What is 3102 (base 4) in base 16?
d2
Convert -101 (base 10) to base 11.
-92
What is 101211 (base 3) in base 5?
2132
What is 1022111 (base 3) in base 7?
2536
6b8 (base 12) to base 3
1101012
2102210 (base 3) to base 8
3360
What is 10457 (base 9) in base 2?
1101100011001
Convert 110101111 (base 2) to base 16.
1af
What is 15153 (base 8) in base 15?
200d
-929c (base 16) to base 9
-56432
Convert -579 (base 16) to base 8.
-2571
-470 (base 9) to base 14
-1d9
1001010011001 (base 2) to base 14
1a41
-116 (base 15) to base 10
-246
3570 (base 8) to base 13
b41
-4303 (base 7) to base 16
-5f2
What is 847 (base 12) in base 13?
71b
531 (base 14) to base 8
1777
-436 (base 7) to base 8
-337
What is -1b08 (base 12) in base 8?
-6370
What is -1067 (base 9) in base 13?
-48a
What is 12063 (base 9) in base 4?
1332030
5d48 (base 16) to base 12
119a0
24040 (base 5) to base 16
6ea
-12350 (base 7) to base 8
-6305
Convert -302 (base 9) to base 8.
-365
-312 (base 11) to base 2
-101111000
-81807 (base 9) to base 7
-313030
Convert 681 (base 9) to base 14.
2bd
14865 (base 10) to base 11
10194
350 (base 9) to base 5
2123
Convert 926 (base 10) to base 12.
652
Convert 110010001010011 (base 2) to base 3.
1022020020
Convert 76 (base 8) to base 5.
222
-765 (base 11) to base 8
-1626
Convert -430 (base 9) to base 14.
-1b1
What is -3840 (base 13) in base 9?
-11863
What is -124523 (base 7) in base 13?
-a76c
Convert -267 (base 15) to base 16.
-223
What is 3301 (base 5) in base 12?
317
Convert 12db (base 14) to base 16.
d01
Convert 644 (base 8) to base 11.
352
What is 21315 (base 7) in base 10?
5304
Convert -111000111000001 (base 2) to base 13.
-10341
What is -2001 (base 6) in base 9?
-531
Convert -44232 (base 10) to base 8.
-126310
765d (base 16) to base 10
30301
Convert 15121 (base 6) to base 11.
1905
4213 (base 6) to base 13
579
What is -32032 (base 4) in base 15?
-40a
-1246 (base 8) to base 9
-833
-23884 (base 10) to base 9
-35677
Convert -40e (base 16) to base 8.
-2016
What is 2597 (base 11) in base 2?
110100101101
What is -626 (base 14) in base 12?
-84a
What is 1100000111011 (base 2) in base 6?
44415
-11355 (base 8) to base 6
-34233
-13334 (base 5) to base 12
-772
What is 110011000 (base 2) in base 6?
1520
Convert -413330 (base 5) to base 7.
-54423
Convert -10201010 (base 3) to base 2.
-101010001111
Convert -a08 (base 12) to base 14.
-756
-1a9b7 (base 12) to base 5
-2230301
Convert -11010101110 (base 2) to base 10.
-1710
-12000 (base 5) to base 14
-467
Convert 921 (base 11) to base 12.
788
What is -233330 (base 4) in base 16?
-bfc
Convert -589 (base 11) to base 13.
-420
Convert 11745 (base 8) to base 2.
1001111100101
What is -32c (base 15) in base 6?
-3153
What is -66530 (base 8) in base 7?
-144416
Convert 11010 (base 3) to base 15.
76
What is -dc33 (base 16) in base 14?
-16787
What is 1011011000010010 (base 2) in base 15?
dc25
Convert 37355 (base 9) to base 11.
1792a
What is -1000000 (base 2) in base 10?
-64
-1dd (base 15) to base 4
-12301
Convert 16 (base 12) to base 13.
15
-8455 (base 13) to base 8
-43622
What is 1051 (base 9) in base 15?
36a
What is -1412 (base 5) in base 7?
-451
Convert -504 (base 12) to base 3.
-222211
-2023 (base 11) to base 12
-167b
-423223 (base 5) to base 11
-a729
1158 (base 12) to base 7
5441
-cad5 (base 14) to base 9
-53102
What is -1a3 (base 12) in base 14?
-151
What is 13334 (base 6) in base 7?
6022
What is 4202 (base 7) in base 12?
a28
What is 650 (base 7) in base 4?
11021
Convert 93a (base 13) to base 6.
11134
Convert 3969 (base 10) to base 13.
1a64
What is 11002002 (base 3) in base 4?
232130
-1526 (base 10) to base 12
-a72
-22000202 (base 3) to base 14
-21c0
What is -304 (base 7) in base 3?
-12121
-627 (base 15) to base 12
-977
What is 2a9a1 (base 11) in base 5?
2400132
-20131201 (base 4) to base 3
-1202112121
Convert 262 (base 13) to base 6.
1534
What is -5002 (base 10) in base 16?
-138a
26b (base 16) to base 14
323
Convert -110212 (base 3) to base 7.
-1004
1202b (base 12) to base 3
1020020022
-26b0 (base 16) to base 14
-3876
Convert -114b (base 13) to base 4.
-211331
Convert -1743 (base 9) to base 6.
-10103
What is -25626 (base 9) in base 14?
-6421
Convert 3022233 (base 4) to base 8.
31257
What is 11020020 (base 4) in base 13?
9735
265 (base 14) to base 3
122211
Convert -1313222 (base 4) to base 2.
-1110111101010
Convert -33768 (base 10) to base 15.
-a013
-19921 (base 13) to base 3
-2112102111
Convert -1418 (base 9) to base 16.
-42e
Convert -3b9 (base 12) to base 13.
-351
-11111022 (base 3) to base 12
-1a8b
Convert 2043 (base 5) to base 12.
1a9
What is -471 (base 16) in base 5?
-14022
201101 (base 3) to base 7
1345
What is -713 (base 16) in base 12?
-106b
Convert -13345 (base 7) to base 16.
-e1a
What is 110041 (base 6) in base 16?
2389
Convert -1301120 (base 4) to base 2.
-1110001011000
-1284 (base 9) to base 13
-595
Convert 493 (base 14) to base 8.
1621
Convert 123023 (base 4) to base 3.
2101102
What is 11020 (base 5) in base 4?
23320
What is -1136 (base 15) in base 2?
-111001000011
122130 (base 4) to base 13
a02
-4d8 (base 14) to base 3
-1100002
What is -1200000 (base 3) in base 12?
-853
a3a4 (base 12) to base 5
1032321
What is -710 (base 16) in base 3?
-2110222
What is a73 (base 12) in base 15?
6bc
4060 (base 15) to base 2
11010100010110
35041 (base 7) to base 13
40c3
Convert 226 (base 15) to base 10.
486
What is -111406 (base 7) in base 6?
-231241
-18db3 (base 15) to base 16
-13b4e
What is -52b (base 13) in base 8?
-1562
-11142 (base 7) to base 16
-b07
1627 (base 9) to base 5
14430
Convert 5962 (base 16) to base 8.
54542
What is -281a (base 11) in base 12?
-2143
322 (base 15) to base 11
593
Convert -56fa (base 16) to base 4.
-11123322
1814 (base 9) to base 16
56e
What is 572 (base 15) in base 4?
103100
Convert -18103 (base 9) to base 13.
-58aa
What is -32113 (base 4) in base 16?
-397
Convert 945 (base 13) to base 14.
80a
Convert 201210122 (base 3) to base 11.
a933
Convert 2753 (base 9) to base 5.
31243
Convert 3301 (base 4) to base 15.
111
483 (base 9) to base 10
399
What is -101001011 (base 2) in base 13?
-1c6
Convert 3140 (base 5) to base 6.
1540
1095 (base 10) to base 3
1111120
Convert 1176 (base 9) to base 12.
613
-63112 (base 9) to base 12
-20125
Convert -224 (base 7) to base 8.
-164
What is 42625 (base 7) in base 15?
321d
Convert 101a9 (base 16) to base 9.
110430
What is -49c (base 15) in base 8?
-2027
Convert 1210021 (base 3) to base 11.
a85
Convert 121021001 (base 3) to base 4.
2321032
What is -10212 (base 5) in base 6?
-3054
-466 (base 7) to base 13
-15a
What is 213 (base 10) in base 6?
553
-510 (base 6) to base 7
-354
30314 (base 5) to base 7
5466
What is -8155 (base 10) in base 14?
-2d87
Convert -353 (base 10) to base 13.
-212
What is 497 (base 10) in base 3?
200102
What is 1679 (base 13) in base 10?
3311
What is 1e41 (base 15) in base 2?
1100110111010
-1257 (base 11) to base 16
-663
Convert 1031 (base 13) to base 5.
32422
-16e (base 15) to base 5
-2304
4c70 (base 16) to base 13
8ba3
What is 24064 (base 8) in base 2?
10100000110100
-1a6 (base 14) to base 12
-246
143570 (base 8) to base 13
1a320
11011110000010 (base 2) to base 14
5270
-10111111010 (base 2) to base 10
-1530
Convert 324 (base 15) to base 14.
389
What is 2221022 (base 3) in base 12?
12a5
Convert 3151 (base 10) to base 3.
11022201
Convert -11d2 (base 16) to base 2.
-1000111010010
-17 (base 10) to base 6
-25
1713 (base 8) to base 10
971
What is -10011000010100011 (base 2) in base 11?
-53658
Convert -32130 (base 5) to base 2.
-100001110101
-a8 (base 13) to base 7
-255
-2410 (base 10) to base 9
-3267
What is 2100 (base 4) in base 8?
220
Convert -158 (base 11) to base 15.
-c4
Convert -11b1 (bas